-2*m - 18 = 4*r + 8. List the prime factors of u(m).
97
Let f be (-5)/(-20)*6*6. Suppose 5*t - f*t = -280. List the prime factors of t.
2, 5, 7
List the prime factors of ((254 + -2)/3)/(15/20).
2, 7
Let k be (2 - 4)/(-1) - -147. Suppose -4*z + 187 + k = 0. List the prime factors of z.
2, 3, 7
List the prime factors of ((-3)/2)/(-6 + (-3683)/(-614)).
3, 307
Suppose -8*n - 2042 - 574 = 0. Let l = n + 620. What are the prime factors of l?
293
Let p(z) = -37*z - 1. Let o = -37 - -36. List the prime factors of p(o).
2, 3
Suppose 0 = -4*l + t + 1055, 0*t + 1037 = 4*l + 5*t. List the prime factors of l.
263
Let l(h) be the third derivative of h**5/60 - 7*h**4/24 - h**3/2 - h**2. Let s = 58 - 50. What are the prime factors of l(s)?
5
Let p(x) = x**2 + 3*x - 6. Let l be p(-5). Suppose -l*i + 6*i = 48. What are the prime factors of i?
2, 3
Let d(q) = 2*q**2 + 8*q + 5. Let y(l) = 2*l**2 + 9*l + 6. Let x(k) = 6*d(k) - 5*y(k). Let n = 168 + -170. List the prime factors of x(n).
2
Suppose 11*k + 4*s - 154 = 9*k, -s - 407 = -5*k. Suppose r = 191 + k. What are the prime factors of r?
2, 17
Let d = -67 + 125. Let u be (440/22)/(1/(-1)). Let n = d + u. What are the prime factors of n?
2, 19
Let n be -17 + (0 - (-1 - 0)). Suppose -6*g - 15 = -225. Let t = n + g. List the prime factors of t.
19
Suppose 3*j = -2*p + 1317 + 634, -2*p = 5*j - 3253. What are the prime factors of j?
3, 7, 31
Let t = 833 - 570. Suppose -t = -9*d + 403. List the prime factors of d.
2, 37
Let n(c) = -c**2 - 9*c - 7. Let a be n(-9). Let j(f) = -4*f - 15. Let g be j(a). What are the prime factors of (g/1)/((-1)/(-2))?
2, 13
What are the prime factors of 8784/14 - -3 - 12/28?
2, 3, 5, 7
What are the prime factors of (-3 + 35/5)*(0 - -766)?
2, 383
What are the prime factors of 151476/130 - (-1)/(-5)?
5, 233
Let m = -3 + -6. Let s be (-2)/6 - 48/m. Suppose s*h = 3*x + 67, -h + 15 = -3*x + 2*x. List the prime factors of h.
11
Suppose o = 3*o - 4*v + 512, -o = -5*v + 253. Let d = -168 - o. Suppose -x + 4*x = d. What are the prime factors of x?
2, 3, 5
Let y be 1 - ((-2)/1)/2. Suppose -35 - 1 = -y*j. Suppose 3*d + j + 6 = q, -5*q + 108 = -3*d. What are the prime factors of q?
3, 7
Let a(i) = i**3 + 17*i**2 + 16*i - 6. Let m be a(-16). Let u be ((-9)/m)/(4/(-8)). Let g = u + 12. What are the prime factors of g?
3
Suppose -4*q + 108 = -q. Suppose -8*x = -5*x - q. What are the prime factors of x?
2, 3
Let r = 228 + -93. What are the prime factors of r?
3, 5
Let q(t) = t + 10. Let b be q(-6). Suppose 4*y - 5*a = 280, a = b*y + 2*a - 280. List the prime factors of y.
2, 5, 7
Suppose -604 = 6*r + 584. Let f = 386 + r. List the prime factors of f.
2, 47
Let i(y) = 10*y**2 + 16*y - 58. What are the prime factors of i(-6)?
2, 103
Let z(h) = -4*h - 14. Suppose -17 - 7 = 3*s. What are the prime factors of z(s)?
2, 3
List the prime factors of (-21 - 422)/(1 - (-18)/(-15)).
5, 443
Suppose a = 3*t - 474, -t - 2*a + 82 + 76 = 0. Suppose t = -3*o - 4. Let s = o - -83. What are the prime factors of s?
29
List the prime factors of 16/(-88) - (-87255)/77.
11, 103
Let p be 5904/40 - (-4)/10. List the prime factors of -6*(4 + p/(-12)).
2, 5
Let j be 4*(-8 - -4)*-2. Let b = 36 - j. List the prime factors of b.
2
Suppose m - 6*m + 35 = 0. Suppose -3*k - 2*f - 10 = -m*f, 2*k + 5*f = 35. Suppose 0 = -5*j - 20, -3*c + k*c - j = 54. List the prime factors of c.
5
Suppose 510 = -3*u + 6*u - 3*k, 0 = 3*u - k - 500. What are the prime factors of u?
3, 5, 11
Let f(m) = 3*m**3 + 2*m**2 + 10*m + 5. List the prime factors of f(4).
269
Let x(b) = 2*b**2 - 5*b + 8. Let k(v) = v**2 + v - 1. Let l(m) = -k(m) + x(m). Let t be l(7). Let r = t + 32. List the prime factors of r.
2, 3
Let s(m) = -6*m + 9 - 24*m**2 + 49 - m - m**3. List the prime factors of s(-24).
2, 113
Let s(z) be the first derivative of -z**3/3 + 13*z**2/2 + 3*z - 15. What are the prime factors of s(10)?
3, 11
Let x(u) = -12*u - 4. Let w be x(-2). Suppose -i + 23 = -w. What are the prime factors of i?
43
Suppose 3478 = 3*k + 2*k - 3*g, -2089 = -3*k + 4*g. What are the prime factors of k?
5, 139
Let i(l) = -l + 88. What are the prime factors of i(10)?
2, 3, 13
Let t be (-268)/(-8) - 3/(-6). Suppose -h + t = -43. List the prime factors of 2508/h + (-3)/(-7).
3, 11
Let z = 4 - -6. Let a(m) = -2*m + 0*m + z - 4 + 6. What are the prime factors of a(-7)?
2, 13
List the prime factors of (-1906)/(-14) + (-168)/147.
3, 5
Let c = 49 + 99. Suppose -3*d - 3 = 0, -3*i - 5*d + c = -3*d. List the prime factors of i.
2, 5
Let i be ((-7)/14)/(1/(-6)). List the prime factors of ((-2217)/(-11))/i + (-8)/44.
67
Let h = -56 + 339. List the prime factors of h.
283
Let m = 6076 - 3905. What are the prime factors of m?
13, 167
Let x(b) = 8*b**2 - 16*b. What are the prime factors of x(7)?
2, 5, 7
Let j = 19 - 59. What are the prime factors of (2/((-2)/(-3)))/((-8)/j)?
3, 5
Let p(c) = c**2 + 2*c + 1. Let t be p(-3). What are the prime factors of t/18 + (-588)/(-27)?
2, 11
Let m(k) = -k**3 + 20*k**2 - 15*k + 45. What are the prime factors of m(18)?
3, 47
Suppose -4*d + 9*d = 0. Suppose d = -t + 76 + 41. List the prime factors of t.
3, 13
Let a be 2/(-5) - 24/(-10). Suppose -5*h - 3 = a. List the prime factors of h/(24/(-21) + 1).
7
Suppose 672 = 3*t + 5*t. Suppose -t + 4 = -5*f. List the prime factors of f.
2
Suppose 5*l - 10682 = -4*s, -41*s = -44*s - 5*l + 8014. What are the prime factors of s?
2, 23, 29
Let n(s) = -3*s**3 - 12*s**2 - 4*s + 20. What are the prime factors of n(-8)?
2, 5, 41
Let y be (267/(-3))/(7 + -8). Let p = y + -57. What are the prime factors of p?
2
What are the prime factors of (-1 + 7/5)*(18 - -52)?
2, 7
Let r be 4/6 - 14/(-6). Let s(i) = 3*i + 95. Let w be s(-30). What are the prime factors of r*(-2)/(-6)*w?
5
Suppose -2*w - 11 + 5 = -2*g, 0 = -g - w + 3. Suppose 0 = 5*f + d - 126, 0*d - 38 = -f + g*d. What are the prime factors of f?
2, 13
Let n be 3 - (-1)/(4/8). Suppose o + 9 = -n*q + 83, -3*o = -3*q - 186. Suppose -5*c + o + 16 = 0. List the prime factors of c.
2
Let q(g) = -336*g. What are the prime factors of q(-1)?
2, 3, 7
Let r(f) = 2*f. Let d(x) = -x - 1. Let j(q) = -6*d(q) - 2*r(q). Let y be j(7). Suppose 6*l = l + y. What are the prime factors of l?
2
Let z(j) = -29*j**3 + 3*j**2 - 5*j + 2. Let m(i) = 115*i**3 - 12*i**2 + 21*i - 8. Let b(t) = -2*m(t) - 9*z(t). List the prime factors of b(2).
2, 3, 5
Let x be (-16)/(-32) - 598/4. Let r = 214 + x. What are the prime factors of r?
5, 13
Let b(m) = -m**2 + 18*m - 9. Let y be b(18). Let l(n) = -16*n + 60. List the prime factors of l(y).
2, 3, 17
Let h(g) = -g**3 - 7*g**2 - g + 2. Let c be h(-7). Suppose -3*l = -5*z - 17, 3*z + 1 = -3*l + 10. Suppose -l*q - 165 = -c*q. List the prime factors of q.
3, 11
Let l be 3/(3/6 - 0). Suppose -2*z + 0 + l = 0. Suppose 7*v - 52 = z*v. What are the prime factors of v?
13
Let n(t) = -649*t**3 + 2*t**2 - 2*t - 4. What are the prime factors of n(-1)?
11, 59
List the prime factors of (6 - 22/4)/((-10)/(-59800)).
2, 5, 13, 23
Let x(o) = -5*o + 8. What are the prime factors of x(-12)?
2, 17
Let b = -592 - -780. List the prime factors of b.
2, 47
Let n(l) = l + 44. Suppose -4*g + g - 57 = 0. Let w be n(g). Suppose -k = -4, -3*y = -2*y + k - w. List the prime factors of y.
3, 7
Let c = -6 - -8. Let t be -1 - c/2*-6. Suppose t*q + 10 = 7*q. What are the prime factors of q?
5
Let q be 465/10*(0 + 2). Let y = q + -3. Suppose -2*n - y = -7*n. What are the prime factors of n?
2, 3
Suppose 0 = -4*h + 16, -17*h = -2*r - 15*h + 356. List the prime factors of r.
2, 7, 13
List the prime factors of (-8)/40 + 62622/35.
1789
Let u(y) = 11*y**2 - 21*y - 20. Suppose -3*j + 12 = -7*j. Let f(z) = 4*z**2 - 7*z - 7. Let l(x) = j*u(x) + 8*f(x). What are the prime factors of l(5)?
2, 7
Let u be 5/(-1)*(-6)/10. Suppose 4*v = 4*s - 111 + u, 2*s = 5*v + 60. What are the prime factors of s?
5
Let j(x) = -5*x - 2. Let g(l) = -5*l**3 - 2*l + 1. Let y be g(1). Let f be j(y). Let c = f + -6. What are the prime factors of c?
2, 11
Suppose -4*w = 5*f - 4192, -5*w + 0*w - 5*f + 5235 = 0. What are the prime factors of w?
7, 149
Let q(b) = b**2 + 10*b + 16. Let j be q(-8). Let w(u) = j*u - 14 + u**2 + 21 - 3*u. What are the prime factors of w(10)?
7, 11
Suppose -2*u + 152 + 162 = 0. List the prime factors of u.
